st common divisor of 1 and 202109.
1
Calculate the greatest common factor of 304 and 878940.
76
What is the greatest common divisor of 330161 and 156?
13
What is the greatest common factor of 30 and 8710?
10
What is the highest common factor of 1197 and 779?
19
What is the greatest common divisor of 285 and 431965?
95
What is the highest common divisor of 104 and 29224?
104
What is the greatest common divisor of 320532 and 12?
12
What is the greatest common factor of 3645 and 4320?
135
What is the greatest common divisor of 395245 and 685?
685
Calculate the highest common divisor of 31 and 7099.
31
Calculate the highest common divisor of 21 and 94353.
21
Calculate the highest common divisor of 12848 and 24.
8
Calculate the greatest common divisor of 158513 and 2051.
293
Calculate the highest common factor of 1444 and 76.
76
What is the highest common factor of 109863 and 1404?
351
What is the greatest common factor of 46 and 8602?
46
What is the greatest common factor of 258 and 957266?
86
What is the highest common factor of 1080 and 783540?
540
What is the highest common divisor of 13949 and 691012?
1073
What is the greatest common factor of 74925 and 200?
25
What is the highest common factor of 144658 and 302?
302
Calculate the greatest common factor of 370116 and 54.
54
What is the greatest common factor of 38804 and 3488?
436
Calculate the greatest common divisor of 7824167 and 767.
767
What is the greatest common divisor of 182753 and 4826?
127
What is the greatest common factor of 8734 and 2838?
22
Calculate the highest common factor of 7 and 1170.
1
Calculate the greatest common factor of 40 and 110040.
40
Calculate the greatest common factor of 4847164 and 1046.
1046
What is the greatest common factor of 402 and 2480943?
201
Calculate the greatest common factor of 26245 and 580.
145
Calculate the greatest common factor of 11629 and 203.
29
What is the highest common divisor of 490 and 860?
10
What is the highest common divisor of 50595 and 120?
15
Calculate the highest common factor of 3105 and 30915.
135
What is the highest common factor of 81152 and 54524?
1268
What is the highest common divisor of 912 and 1572?
12
Calculate the highest common divisor of 575 and 52555.
115
Calculate the highest common factor of 4194 and 141.
3
Calculate the highest common factor of 10540 and 527.
527
What is the highest common divisor of 26575 and 125?
25
What is the greatest common divisor of 294 and 28616?
98
What is the highest common divisor of 17055 and 315?
45
What is the highest common divisor of 5029 and 21507?
107
Calculate the greatest common divisor of 4740 and 1380.
60
What is the greatest common factor of 213 and 317370?
213
Calculate the greatest common factor of 147736 and 16.
8
What is the greatest common factor of 160 and 8576?
32
What is the greatest common factor of 13046 and 418?
22
Calculate the greatest common divisor of 1192 and 186697.
149
What is the highest common factor of 702 and 3294?
54
Calculate the greatest common divisor of 1256623 and 85.
17
What is the greatest common factor of 31 and 153574?
31
What is the greatest common factor of 34894 and 5986?
146
Calculate the greatest common factor of 51201 and 36.
9
Calculate the greatest common divisor of 3 and 35649.
3
What is the greatest common factor of 6593 and 39311?
19
What is the greatest common factor of 165 and 50655?
165
Calculate the greatest common divisor of 3544 and 1021558.
886
What is the highest common factor of 324 and 235548?
324
Calculate the greatest common divisor of 460031 and 1573.
143
Calculate the greatest common factor of 36 and 965718.
18
What is the greatest common factor of 12837 and 1353?
33
Calculate the highest common divisor of 1275 and 179520.
255
What is the highest common factor of 203560 and 56?
56
What is the highest common divisor of 27 and 572634?
9
Calculate the greatest common divisor of 20 and 3152.
4
Calculate the highest common divisor of 11210 and 273170.
590
What is the highest common factor of 1197 and 279?
9
Calculate the highest common divisor of 3264 and 6.
6
What is the highest common divisor of 21096 and 9360?
72
Calculate the greatest common divisor of 81 and 27621.
81
What is the highest common factor of 674622 and 108?
54
What is the highest common factor of 1176 and 888?
24
What is the greatest common factor of 247 and 41119?
13
Calculate the highest common divisor of 495 and 73095.
165
What is the greatest common factor of 1100 and 317625?
275
Calculate the greatest common divisor of 22487 and 791.
113
Calculate the greatest common divisor of 3649500 and 108.
36
What is the highest common divisor of 10406 and 36058?
242
What is the highest common factor of 70 and 64582?
14
Calculate the greatest common factor of 149687 and 12851.
181
What is the greatest common factor of 2595 and 155527?
173
What is the greatest common divisor of 35 and 6482?
7
Calculate the highest common factor of 2296 and 21.
7
Calculate the highest common divisor of 953120 and 230.
230
What is the highest common factor of 15825 and 2925?
75
What is the greatest common factor of 15516 and 60?
12
Calculate the highest common factor of 1512 and 7749.
189
What is the highest common divisor of 2976 and 348?
12
Calculate the highest common divisor of 6823 and 7.
1
What is the highest common divisor of 51050 and 8?
2
Calculate the highest common divisor of 2522 and 104.
26
Calculate the greatest common divisor of 3465 and 111078.
99
Calculate the greatest common divisor of 344967 and 147.
21
What is the highest common factor of 276 and 41883?
69
Calculate the highest common divisor of 6118 and 280.
14
Calculate the highest common divisor of 1238 and 432681.
619
Calculate the greatest common divisor of 421 and 114091.
421
What is the highest common factor of 1080 and 59130?
270
What is the greatest common factor of 16740 and 3627?
279
Calculate the highest common factor of 754 and 68991.
377
What is the highest common factor of 303 and 383497?
101
What is the greatest common factor of 6569343 and 2222?
1111
Calculate the greatest common factor of 4070274 and 78.
78
Calculate the highest common factor of 73 and 46939.
73
Calculate the greatest common divisor of 74229 and 654.
327
Calculate the highest common factor of 936 and 46449.
117
Calculate the highest common factor of 525 and 5859.
21
What is the highest common factor of 119411 and 172?
43
What is the highest common divisor of 826 and 299068?
14
Calculate the greatest common divisor of 8091 and 117.
9
What is the greatest common factor of 8415 and 10615?
55
What is the greatest common factor of 1729 and 139517?
133
What is the highest common divisor of 622900 and 250?
50
What is the greatest common divisor of 328 and 169600?
8
Calculate the highest common divisor of 36837 and 9.
9
Calculate the greatest common factor of 540296 and 16.
8
What is the greatest common divisor of 3616972 and 185?
37
Calculate the greatest common factor of 74 and 52725.
37
Calculate the highest common divisor of 194849 and 1438.
719
What is the greatest common factor of 369000 and 20?
20
Calculate the highest common factor of 104 and 311656.
8
What is the greatest common factor of 10 and 142030?
10
Calculate the greatest common divisor of 61841 and 20033.
871
Calculate the greatest common divisor of 20118 and 462.
42
Calculate the greatest common divisor of 444 and 965108.
148
What is the highest common divisor of 4830 and 8832?
138
Calculate the highest common factor of 11556 and 12.
12
What is the greatest common divisor of 2257 and 44713?
61
What is the highest common divisor of 291 and 922179?
291
What is the highest common divisor of 1170112 and 329?
47
Calculate the highest common divisor of 58328 and 23.
23
Calculate the greatest common factor of 221750 and 143694.
1774
What is the highest common factor of 322422 and 30084?
654
What is the greatest common factor of 37107 and 2268?
63
What is the highest common divisor of 204 and 47004?
12
Calculate the highest common divisor of 56 and 32186.
14
What is the highest common divisor of 9465 and 245?
5
Calculate the greatest common divisor of 4292 and 149292.
116
What is the greatest common divisor of 34 and 68119?
17
What is the greatest common factor of 98825